alue of -30 + (4 - 9 - (22 + -26))?
-31
What is -9 + (-6 - -4 - (12 - 31))?
8
Evaluate 2 + -1 - (10 + 12 + -28).
7
What is 16 + (5 - (6 - 8)) + -9?
14
Calculate -14 - (26 + -35) - 8.
-13
What is the value of (-16 - (-15 - -2)) + -10?
-13
Evaluate -13 - (3 + 0 + 15 + -22).
-9
Evaluate -18 - (33 - (74 - 9)).
14
Calculate -6 - -7 - 4 - (-31 + 29).
-1
What is -1 + (-10 - -5 - 3)?
-9
What is -6 - (15 + -11 + -6 + -14)?
10
Evaluate (-2 - -8 - (5 + -1)) + (-9 - -1).
-6
Calculate (1 - (1 + 2 + -5)) + -15.
-12
What is the value of 12 + 1 - (0 + (18 - (4 + 4)))?
3
(-12 - -34) + 21 - 32
11
5 - (13 - (-9 + (-5 - -15)))
-7
Evaluate -8 + -1 - (39 + -26 + -27).
5
What is the value of 7 - (-2 - (16 - 20))?
5
(24 - 1) + -196 + 157
-16
(12 + -4 - 9 - -9) + -15 + -2
-9
What is -3 + 0 + (-7 - 0) + 7 - -4?
1
What is the value of (20 - -1) + (7 - (23 - 14))?
19
What is 29 + -15 + (-14 - -2) - (-26 - 0)?
28
What is the value of 173 + -180 - (-3 - (20 + 3))?
19
Evaluate 7 - (18 - (6 - -11 - 4)).
2
What is the value of -1 - (-13 + 4 - 0 - (1 + 1))?
10
Evaluate 1 + -30 + -13 + 21 + 0.
-21
What is the value of 0 + 5 + -6 + (-7 - 2)?
-10
Evaluate -9 + 9 + (34 - 8).
26
What is -1 - (0 - 8) - (-138 + 118)?
27
Evaluate (-670 - -703) + 2 + -22.
13
What is (-5 - (-8 + 7 + 1)) + 0 - -15?
10
(0 - -7) + -1 - (18 + -39 + 26)
1
Calculate 10 - 13 - (-2 + (-3 - (1 + -1))).
2
What is the value of -19 - 15 - (-16 + -2)?
-16
What is the value of 25 + -3 - (12 + -7 + -1)?
18
Calculate 0 - (12 - 17) - (-1 + 5 + -2).
3
What is the value of -7 - (306 - 316 - (-2 + 1 - 4))?
-2
What is the value of (-28 + 8 - -8) + 4?
-8
10 + -3 - 4 - (18 + 0 + 0)
-15
Evaluate -12 + (-3 - (23 - 49)).
11
18 - 40 - -19 - 14
-17
Evaluate 38 - (-6 - (-41 - -13)).
16
What is -31 - (14 + (2 - 16) + (1 - 9))?
-23
Evaluate 0 - -10 - 5 - (2 - -9).
-6
What is the value of -29 + (-3 + 17 - 4) + (3 - 7)?
-23
What is 5 - (-5 - (-24 + 4) - (0 - -6))?
-4
-2 - ((-3 - (3 - -1)) + (7 - -16))
-18
What is 7 + 12 + (7 - 17) + 4?
13
4 - 4 - -9 - (17 - 9)
1
What is 33 - 35 - (-2 - (-5 + 1))?
-4
Calculate (5 - 9) + -2 + 5 + 0.
-1
What is the value of -6 + 3 - (-21 + (-11 - -15))?
14
18 + -3 + -16 + 34
33
Calculate 11 + 10 - 13 - (-21 - -14).
15
(6 - 4) + (5 - 7) + -8 + 2
-6
Evaluate 10 + -48 + (21 - -4).
-13
What is the value of -13 + (3 + -1 - (15 + (-7 - 12)))?
-7
What is -4 + (-1 - 3) + 4?
-4
(-9 - -13) + 6 + -18 - (-41 - -1)
32
What is the value of (-1 - (-2 - -24)) + 490 + -479?
-12
Evaluate (1 - 2) + -10 - (769 - 764).
-16
Evaluate (4 - (-2 - -12)) + (3 - (3 + -9)).
3
What is -7 + 13 + -7 + -4 - (-3 - 1)?
-1
What is -3 + -1 - (3 + -9 - (-76 + 67))?
-7
What is (-1 - -1) + -7 - (-13 - -15) - -8?
-1
What is 56 + -42 - (-11 + 33)?
-8
Evaluate -1 - 4 - ((-15 + 19 - -4) + -7).
-6
What is the value of -2 - ((-13 - 13) + -4 + 8 + -1)?
21
What is -4 + -1 + 0 + (26 - (-17 - -42))?
-4
Calculate 5 + 4 - (-4 - 0 - -4).
9
What is the value of -1 + ((-1 + -5 - -9) + 5 - -10)?
17
Evaluate 41 + -43 - (1 - 0) - 10.
-13
Evaluate 0 + -2 + 2 + 2 + -457 + 423.
-32
-465 + 449 + 0 + -1
-17
18 + (-12 + -3 - -13)
16
19 + -10 + -34 + 14
-11
What is the value of 8 - -2 - (129 + -121)?
2
What is -4 + (25 - 10) - 10 - -15?
16
What is 1 - (-53 + 56 - (0 - 1 - 4))?
-7
Evaluate (17 - 37) + (-3 - -11).
-12
What is 4 + -13 + 0 + -119 + 125?
-3
What is the value of (10 - 3) + (-4 - -13) + 7 + -8?
15
(0 - (-11 + (-8 - -15))) + 3
7
-5 + -1 + 1 + 14 + -6 + 2
5
Evaluate (-1 + 7 - (-12 + 12)) + 1 + 1.
8
What is the value of -20 - 12 - -17 - -20?
5
Evaluate -2 + -13 + 2 + (202 - 197).
-8
What is the value of (3 + (1 - 0) - 25) + 12?
-9
Calculate 7 + (-18 - (-15 - -9 - -10)).
-15
Evaluate -5 + 23 - (-30 + 36).
12
42 + (-27 - -26) + -29
12
(8 + -2 - -7) + 0 - -3
16
What is -10 + 28 + -23 + (0 - 0)?
-5
Evaluate 2 + 1 + -1 + -6 + 3 + 2.
1
Evaluate -2 - (14 - (0 - -21)).
5
-13 - (-7 - -6 - 26)
14
Calculate 1 + 0 + (-48 - -47) + 6 - -2.
8
What is the value of 1 + (3 - -6 - 24 - -29)?
15
8 - (-4 - (7 + -15))
4
Calculate 10 + -2 + 1 + (8 - (10 + -4)).
11
What is (-25 + 18 - (-4 - -7)) + -19?
-29
What is the value of 19 + (-71 - (-1 - 36))?
-15
Calculate -1 - 1 - (-230 - -198 - (-1 + -10)).
19
Calculate 14 - (-7 - -14) - -12.
19
Calculate -26 + 1 - (-23 - (36 - 49)).
-15
0 + (9 + (-13 - 2) - -5) - -21
20
Evaluate -2 + 0 + (-1 - 10) + (191 - 185).
-7
Calculate (6 - 11 - 1) + 10 + 4 + -20.
-12
Evaluate (2 - 7) + 14 - -3 - (0 - 0).
12
What is the value of 8 + (-13 + 17 - 12)?
0
-1 + (-8 - -9) + (-4 - -1) + 14
11
What is the value of 12 - (7 - 2) - -2?
9
18 + -4 - (0 - -7) - (1 - 0)
6
Evaluate (7 - (2 - 3)) + (-263 - -267).
12
What is the value of (24 - (-4 + 14)) + (49 - 39)?
24
(0 - 8) + (-37 - -64 - 11) + 6
14
What is the value of -1 - -23 - (22 + (37 - 47))?
10
-13 - (-13 + 10 + -5 + -9)
4
What is the value of -12 + -1 + (724 - 706)?
5
Calculate (-3 - -9) + (-4 - 11) - -10.
1
What is (56 - 36) + -1 + -37?
-18
-7 + -9 + (8 + -10 - -26)
8
Calculate 1 + (9 - -5) + -9 + -10.
-4
Calculate -7 + -1 + (-3 - 2 - -4).
-9
-10 - (-16 - (-16 - -5)) - -1
-4
Calculate 2 - -1 - -2 - ((18 - 7) + 0).
-6
Evaluate -43 + 26 + 32 + -2 + 28.
41
What is the value of 1 - (0 + -1 - (-4 + 3)) - -7?
8
Calculate (23 - 31) + (3 - 3).
-8
What is -3 - 0 - (11 - 10 - 9 - 1)?
6
(14 - 8) + 1 + -11
-4
What is the value of -27 - (-65 - (18 - 41))?
15
What is -2 - (10 + -22 + -2)?
12
What is (4 - (-8 - -11)) + -32 + 23?
-8
What is (-26 - (-22 - -30)) + -1 + 10?
-25
Evaluate 8 + -12 + -10 + 24.
10
What is (15 - 16) + 22 - 29?
-8
What is the value of -9 - -14 - 2 - -4?
7
What is the value of -14 + 9 + 7 + -6 + 12?
8
Evaluate 4 - -5 - 31 - -11.
-11
-1 - 22 - 28 - -39
-12
Evaluate -2 - ((-3 - -5 - -7) + -7).
-4
(-1 - (-9 - -9)) + -6 + 0
-7
What is -31 + 15 + 10 - (-10 - (0 - 2))?
2
What is (-12 - (0 + 49)) + 31?
-30
What is the value of (-2 + 8 - (14 + -11)) + -4 + 0?
-1
25 + 21 + -41 - (10 - -4)
-9
(0 - -7) + (-11 - (1 - -12)) + 8
-9
What is the value of -10 + 1 - (269 - 280)?
2
(6 - -2 - 4) + -26 + 27
5
Evaluate -2 + (-6 + 8 - 6) + 3 + 9.
6
Evaluate -34 - (18 - 23 - 18).
-11
Evaluate -1 - (3 - (-1 + -1)) - (84 - 88).
-2
What is (8 - ((4 - -18) + -3)) + -9?
-20
What is the value of (5 - -4 - 15) + (-3 - (-6 + 1))?
-4
-10 + 3 + (-1 - (-5 + 0 + 0))
-3
What is the value of -5 - (10 - (-14 - (-18 - 27)))?
16
Evaluate (23 - 21) + -28 - -6.
-20
Calculate 539 + -529 - (21 - 1).
-10
Calculate (-3 - (1 - 1)) + 69 + (-4 - 62).
0
0 + -36 - (294 - 309)
-21
What is the value of 3 + (3 - -19) - 13?
12
Calculate -9 - (-18 - (-25 - -23)).
7
Calculate 41 - 3 - (-106 + 140).
4
What is -12 - (-14 + 8 - 5)?
-1
Calculate -25 + (72 - 41) + 20.
26
What is (10 - 16 - -4) + -4 + (17 - -3)?
14
Calculate (652 - 668) + -1 + -11 + 3.
-25
What is 3 + -12 + 1 - ((29 - 4) + -33)?
0
What is the value of 1 - -8 - (-17 + -2 - (135 + -151))?
12
Calculate (1 - -5) + 3 + -13 + 2.
-2
What is the value of 245 + -246 - (10 + (-4 - (-1 - 1)))?
-9
What is the value of -25 + 24 + (22 - 2) - 0 - 10?
9
What is the value of 12 + -44 - (8 + (5 - 14)) - 3?
-34
Evaluate 0 + -27 - (3 - 21).
-9
Calculate -19 + (-13 + 2 - -23).
-7
What is the value of (-18 - 0) + (34 + -21 + -7 - 3)?
-15
-8 - 4 - 3 - -14
-1
What is the value of 5 - (39 - (47 - 22))?
-9
-17 - (4 - (-10 + 3) - 3)
-25
-16 + (6 - (-7 + 5 - -14) - -7)
-15
What is 3 + -18 - -21 - 0?
6
(-41 - 7) + 15 - -6
-27
What is the value of 11 - (7 - -3) - 4 - (2 + -3)?
-2
What is 8 + -1 - (27 + -4 + 0)?
-16
Evaluate -6 + 5 + 15 + 16 + -19.
11
Calculate -21 - (17 + -5 - 7 - (-2 - 3)).
-31
Evaluate 30 + -35 - (-2 - 15) - 11.
1
What is -38 + -5 + (-9 - -11) + (-1 - -7)?
-35
What is the value of -2 + (-12 + 36 - 33) - (-9 + -1)?
-1
What is the value of 3 + -1 - (54 - 47)?
-5
127 + -163 - (-2 + -1)
-33
What is 12 + -13 + (-7 - -13) + (-1 - 5)?
-1
Calculate -3 - -1 - (-193 + 202 - (1 + -6)).
-16
Evaluate -2 + 13 + 0 + -1151 + 1139.
-1
What is 1 - ((0 - (6 + -10) - 4) + -8)?
9
Evaluate 1 - 7 - (-5 - (2 + -6) - -5).
-10
Evaluate 1 + (1 - (-8 + 18) - (-15 - -6)).
1
What is the value of -3 - (7 - 9) - (-5 + 3 + 3)?
-2
Evaluate (-7 - (-9 + 13)) + (8 - 7).
-10
What is -17 + 7 + 4 + 3 + 6?
3
1 + -5 + -198 + 218
16
Calculate -72 + 12 + 3 + 13 - -16.
-28
What is 9 + -26 - (-59 + 39)?
3
What is (-3 - (11 + -30 + 4)) + 14?
26
6 -